{"id":624,"date":"2022-10-26T07:49:14","date_gmt":"2022-10-26T07:49:14","guid":{"rendered":"https:\/\/medizinrecht-auf-augenhoehe.de\/?page_id=624"},"modified":"2026-01-05T07:46:09","modified_gmt":"2026-01-05T07:46:09","slug":"elementor-624","status":"publish","type":"page","link":"https:\/\/medizinrecht-auf-augenhoehe.de\/?page_id=624","title":{"rendered":"Impressum"},"content":{"rendered":"\t\t<div data-elementor-type=\"wp-page\" data-elementor-id=\"624\" class=\"elementor elementor-624\">\n\t\t\t\t\t\t\t\t\t<section class=\"elementor-section elementor-top-section elementor-element elementor-element-9ecdc27 elementor-section-full_width elementor-section-height-default elementor-section-height-default\" data-id=\"9ecdc27\" data-element_type=\"section\">\n\t\t\t\t\t\t<div class=\"elementor-container elementor-column-gap-default\">\n\t\t\t\t\t<div class=\"elementor-column elementor-col-100 elementor-top-column elementor-element elementor-element-c8212cb\" data-id=\"c8212cb\" data-element_type=\"column\">\n\t\t\t<div class=\"elementor-widget-wrap elementor-element-populated\">\n\t\t\t\t\t\t\t\t\t<\/div>\n\t\t<\/div>\n\t\t\t\t\t\t\t<\/div>\n\t\t<\/section>\n\t\t\t\t<section class=\"elementor-section elementor-top-section elementor-element elementor-element-da5d843 elementor-section-boxed elementor-section-height-default elementor-section-height-default\" data-id=\"da5d843\" data-element_type=\"section\">\n\t\t\t\t\t\t<div class=\"elementor-container elementor-column-gap-default\">\n\t\t\t\t\t<div class=\"elementor-column elementor-col-100 elementor-top-column elementor-element elementor-element-00bf62d\" data-id=\"00bf62d\" data-element_type=\"column\">\n\t\t\t<div class=\"elementor-widget-wrap elementor-element-populated\">\n\t\t\t\t\t\t\t\t<div class=\"elementor-element elementor-element-b7ba3fa elementor-widget elementor-widget-text-editor\" data-id=\"b7ba3fa\" data-element_type=\"widget\" data-widget_type=\"text-editor.default\">\n\t\t\t\t<div class=\"elementor-widget-container\">\n\t\t\t<style>\/*! elementor - v3.7.3 - 29-08-2022 *\/\n.elementor-widget-text-editor.elementor-drop-cap-view-stacked .elementor-drop-cap{background-color:#818a91;color:#fff}.elementor-widget-text-editor.elementor-drop-cap-view-framed .elementor-drop-cap{color:#818a91;border:3px solid;background-color:transparent}.elementor-widget-text-editor:not(.elementor-drop-cap-view-default) .elementor-drop-cap{margin-top:8px}.elementor-widget-text-editor:not(.elementor-drop-cap-view-default) .elementor-drop-cap-letter{width:1em;height:1em}.elementor-widget-text-editor .elementor-drop-cap{float:left;text-align:center;line-height:1;font-size:50px}.elementor-widget-text-editor .elementor-drop-cap-letter{display:inline-block}<\/style>\t\t\t\t<h2><span style=\"color: #339966;\">Impressum<\/span><\/h2><p>SP Circle GmbH<\/p><p>Heesenstra\u00dfe 70<br \/>D-40549 D\u00fcsseldorf<\/p><p><br \/>Gesch\u00e4ftsf\u00fchrung: Martina Simons<br \/>T +49 211 86942510<br \/>E-Mail: info@spcircle.de<\/p><p><br \/>Registergericht: Amtsgericht D\u00fcsseldorf<br \/>Registernummer: HRB 51390 <br \/>USt.-Id.-Nr.: 147\/5815\/0956<\/p><p><br \/>Hinweis gem\u00e4\u00df \u00a7 36 VSBG:<br \/>Die SP Circle GmbH ist nicht bereit und nicht verpflichtet, an Streitbeilegungsverfahren vor einer Verbraucherschlichtungsstelle teilzunehmen.<\/p><p><br \/>Verantwortlicher i.S.d. \u00a7 55 Abs. 2 RStV:<br \/>Martina Simons<br \/>Heesenstr. 70<br \/>D-40549 D\u00fcsseldorf<\/p>\t\t\t\t\t\t<\/div>\n\t\t\t\t<\/div>\n\t\t\t\t\t<\/div>\n\t\t<\/div>\n\t\t\t\t\t\t\t<\/div>\n\t\t<\/section>\n\t\t\t\t\t\t\t<\/div>\n\t\t","protected":false},"excerpt":{"rendered":"<p>Impressum SP Circle GmbH Heesenstra\u00dfe 70D-40549 D\u00fcsseldorf Gesch\u00e4ftsf\u00fchrung: Martina SimonsT +49 211 86942510E-Mail: info@spcircle.de Registergericht: Amtsgericht D\u00fcsseldorfRegisternummer: HRB 51390 USt.-Id.-Nr.: 147\/5815\/0956 Hinweis gem\u00e4\u00df \u00a7 36 VSBG:Die SP Circle GmbH ist nicht bereit und nicht verpflichtet, an Streitbeilegungsverfahren vor einer Verbraucherschlichtungsstelle teilzunehmen. Verantwortlicher i.S.d. \u00a7 55 Abs. 2 RStV:Martina SimonsHeesenstr. 70D-40549 D\u00fcsseldorf<\/p>\n","protected":false},"author":1,"featured_media":0,"parent":0,"menu_order":0,"comment_status":"closed","ping_status":"closed","template":"","meta":{"_kad_post_transparent":"","_kad_post_title":"hide","_kad_post_layout":"fullwidth","_kad_post_sidebar_id":"","_kad_post_content_style":"unboxed","_kad_post_vertical_padding":"hide","_kad_post_feature":"hide","_kad_post_feature_position":"","_kad_post_header":false,"_kad_post_footer":false,"footnotes":""},"class_list":["post-624","page","type-page","status-publish","hentry"],"_links":{"self":[{"href":"https:\/\/medizinrecht-auf-augenhoehe.de\/index.php?rest_route=\/wp\/v2\/pages\/624","targetHints":{"allow":["GET"]}}],"collection":[{"href":"https:\/\/medizinrecht-auf-augenhoehe.de\/index.php?rest_route=\/wp\/v2\/pages"}],"about":[{"href":"https:\/\/medizinrecht-auf-augenhoehe.de\/index.php?rest_route=\/wp\/v2\/types\/page"}],"author":[{"embeddable":true,"href":"https:\/\/medizinrecht-auf-augenhoehe.de\/index.php?rest_route=\/wp\/v2\/users\/1"}],"replies":[{"embeddable":true,"href":"https:\/\/medizinrecht-auf-augenhoehe.de\/index.php?rest_route=%2Fwp%2Fv2%2Fcomments&post=624"}],"version-history":[{"count":26,"href":"https:\/\/medizinrecht-auf-augenhoehe.de\/index.php?rest_route=\/wp\/v2\/pages\/624\/revisions"}],"predecessor-version":[{"id":742,"href":"https:\/\/medizinrecht-auf-augenhoehe.de\/index.php?rest_route=\/wp\/v2\/pages\/624\/revisions\/742"}],"wp:attachment":[{"href":"https:\/\/medizinrecht-auf-augenhoehe.de\/index.php?rest_route=%2Fwp%2Fv2%2Fmedia&parent=624"}],"curies":[{"name":"wp","href":"https:\/\/api.w.org\/{rel}","templated":true}]}}